 = 25*b + 18*b + 31*b - 73*b - 48. Determine i(0).
-48
Let r(d) = -d**3 + d - 1. Let j(m) = m**3 - 5*m**2 + 5. Let c be j(5). Suppose 0*f - 2*f - c*g = -41, 2*f - 5*g + 9 = 0. Suppose f*w = 4*w. Calculate r(w).
-1
Let r(s) = s**2 + 12*s + 19. Let t be r(-9). Let k(o) = 3*o + 3. Give k(t).
-21
Let r(n) = n. Let g(t) = -7*t + 3. Let q(l) = g(l) + 3*r(l). Calculate q(2).
-5
Let s(g) be the third derivative of -g**6/240 + g**5/40 - g**4/2 + g**2. Let j(m) be the second derivative of s(m). What is j(4)?
-9
Let y = -96 - -90. Let f(p) = -4*p + 6*p**2 + p**3 - p**2 - 6 - 4*p. Determine f(y).
6
Let l(g) be the third derivative of g**5/60 + 7*g**4/24 - g**3/6 - 2*g**2. Let c be l(-7). Let h(j) = 1 - 4 - 10*j**3 + 2 + 5*j**3. Give h(c).
4
Suppose 5*a + 6 = -39. Let j = a - -13. Suppose -r + j = 3*r. Let c(q) = 2*q**2. Calculate c(r).
2
Let d(a) = a**3 + 16*a**2 + 15*a - 4. Suppose 2*g = -2*u - 38, 2*u = -5*g + 5*u - 63. What is d(g)?
-4
Let j(s) = -3*s**2 - 3*s - 2. Let v be j(3). Let p = 26 + v. Let n be 9/(-2)*8/p. Let l(u) = u**3 - 4*u**2 + 2. Calculate l(n).
-7
Let q(f) = f**2 - 1 + 4*f + 0 + 0. Let p be q(-5). Let g be p/(-10) - 154/(-35). Let y(w) = w**2 - 5*w + 2. Give y(g).
-2
Let p(o) be the third derivative of o**5/15 + o**4/3 + 3*o**3/2 + 4*o**2 - 11*o. Calculate p(-4).
41
Let q(b) = -485*b**2 + 484*b**2 - 5*b + 13*b - 4. Give q(7).
3
Let u(k) be the first derivative of -k**3/3 + 3*k**2/2 - 3*k + 81. Suppose -2*o + 7 + 9 = 0. Let n = o + -5. What is u(n)?
-3
Let g(r) = -2*r**3 - r**2 + r + 1. Let v(h) = -h**3 + 6*h**2 + 12*h - 33. Let m be v(7). Determine g(m).
-17
Suppose 57*y - 59*y = 4*c - 2, -13 = -y + 4*c. Let h(r) be the third derivative of -7*r**2 + 1/60*r**6 + 0 + 0*r**3 + 0*r - 1/15*r**y + 1/8*r**4. Give h(2).
6
Let v(b) = b**2 + 25*b + 51. Let i be v(-23). Let a(h) = h**3 - 6*h**2 + 3*h + 3. Determine a(i).
-7
Let p(c) = -c**2 - 5*c - 4. Let u(f) = f**2 - 2*f + 1. Let i(z) = p(z) + 2*u(z). Give i(7).
-16
Suppose 21 = 3*t + 9. Let r(m) = -m + 0*m - t*m - 1 + 4*m. What is r(-8)?
7
Let w(t) = 7*t + 1. Let f(y) = -9*y - 2. Let n(z) = -2*f(z) - 3*w(z). Give n(-2).
7
Let f be 7 + -3 - 6/3. Let c(q) be the first derivative of -5*q**2/2 - 7. Give c(f).
-10
Let u = 7 + -5. Let g be ((-6)/4)/(u/(-4)). Let k(z) = 6*z**2 + 4*z + 0*z**2 - 9*z**2 + 0*z**2. Determine k(g).
-15
Let p(i) be the first derivative of -i**3 + i**2 + i + 1. Let f(r) = -7*r - 7. Let v be f(-2). Suppose 2*c - 18 = -v*c. What is p(c)?
-7
Let h(v) = -v**2 - 2*v + 4. Let j(c) = -c + 1. Let b(y) = h(y) - 6*j(y). Let t = 26 - 21. What is b(t)?
-7
Let u(v) = 9*v**3 - v**2 + 5*v + 2. Let q(g) = 19*g**3 - 3*g**2 + 12*g + 5. Let t(b) = -2*q(b) + 5*u(b). Give t(-1).
-7
Let w(m) = m**3 - 11*m**2 + 27*m - 31. Let z be w(8). Let v(g) = -3*g - 10. Calculate v(z).
11
Let n(i) = i - 4. Suppose 5*m + 41 - 116 = 0. What is n(m)?
11
Let g(u) = -3 + 0*u - 17870*u**2 - 5*u + 3*u + 0*u + 17871*u**2. Calculate g(7).
32
Let p(a) be the first derivative of 1/2*a**2 + 24 + 12*a. Give p(-6).
6
Suppose 5*h - 22 = 3*k, 0 = 3*k + 13 - 1. Let m(z) = -6 + 11 - 2*z - 7*z**3 - 6 - 2*z**h. What is m(-1)?
6
Let i(r) = 3*r**3. Let c(h) = -h**3 - h - 1. Suppose -6 = n - 4. Let p(g) = n*c(g) - i(g). Calculate p(-2).
6
Let q(o) = o**3 + 23*o**2 - 49*o + 37. Let x be q(-25). Suppose 12 + x = -4*p. Let l(j) be the first derivative of j**3/3 + 4*j**2 + 7*j - 1. What is l(p)?
-5
Suppose 0 = -i - 2*i + 36. Suppose -5 = -5*m + p - 25, -3*m = -p + i. Let a(g) = -g**3 - 4*g**2 + g - 2. Give a(m).
-6
Let m(r) = -r**2 + 16*r - 9. Let l be m(7). Let f(g) = 0*g - 51 - 2*g + l + 0*g. Give f(8).
-13
Let t(r) = 168 - 11*r**3 - r**2 + 2*r**2 - 168. Determine t(-1).
12
Let b(h) = 16*h + 2. Let v(o) = -21*o - 4. Let u(q) = 3*b(q) + 2*v(q). What is u(-1)?
-8
Let p(c) = -219*c + 442*c + 6 - 226*c + c**2. Determine p(4).
10
Let f(s) = -12*s**2 - 20*s - 29. Let a(o) = 5*o**2 + 10*o + 14. Let c(x) = 5*a(x) + 2*f(x). What is c(-9)?
3
Let t(w) = w**2 - 1. Let i(d) = 2*d**3 - 3*d**2 + 3*d + 4. Let x be i(3). Let s = -42 + x. Calculate t(s).
3
Let t(r) be the second derivative of -r**5/20 + r**3/6 + r**2 + r. Suppose 2*c + 0*c = -76. Let n = 40 + c. Calculate t(n).
-4
Let s(q) = 5*q**2 + 23*q - 8. Let y(o) = -2*o**2 - 8*o + 3. Let h(x) = 3*s(x) + 8*y(x). Let a(i) = -12*i + 11 + 20*i - 10*i. Let f be a(3). Give h(f).
0
Let j(z) = -z**2 - 3*z - 13. Let n be j(0). Suppose 4*a - 42 = 14. Let f = n + a. Let w(s) = -9*s - 1. Determine w(f).
-10
Let p(q) = q**2 + 3*q + 14. Let x be -12 - (-91)/(-8 - -21). What is p(x)?
24
Let a(d) = -d**3 - 35*d**2 + 39*d - 25. Let l(n) = 8*n**2 - 9*n + 6. Let w(f) = 2*a(f) + 9*l(f). What is w(2)?
-10
Let d(o) = -o + 1. Suppose -5*a + 2*v = 1, -a - 4*v + 5 = 14. Let l(b) = 4*b - 8. Let i(j) = a*l(j) - 3*d(j). Calculate i(9).
-4
Let d be -2 - -125 - (8 + -5). Let u(s) = 10 - 121*s + 1 + d*s. Calculate u(10).
1
Let t(w) = 3 + 4*w - 47*w**3 + 48*w**3 + 50*w**2 - 49*w**2. Calculate t(0).
3
Let p(c) = 0*c**3 + 11 - 27*c**2 + 6*c**3 + 15*c**2 - 11*c - 7*c**3. Give p(-11).
11
Suppose -8 = -h - 5*k + 21, 0 = 4*h + 3*k - 31. Let y be 1/((-1 + h)/6). Let f(p) = p**2 - 5*p + 1. Give f(y).
-5
Suppose -j + 2*j = -m - 1, 0 = -3*j + m - 3. Let p(s) = 0*s + 5 + s - 6 + 3. What is p(j)?
1
Suppose 4*y + 2*x - 6*x = 0, -4*x = -3*y - 5. Let s(l) be the third derivative of 5*l**2 - 1/30*l**y + 0 + 0*l**3 - 1/24*l**4 + 0*l. What is s(2)?
-10
Let x(z) be the first derivative of z**2/2 + z - 177. Give x(0).
1
Let h(n) = -n**3 - n**2 - 2*n + 1. Let b(l) = 4*l**3 + 2*l**2 + 6*l - 4. Let d(j) = b(j) + 3*h(j). What is d(2)?
3
Let x be ((-3)/(-5))/((-9)/(-45)). Suppose -3*f + x = -3. Let i(r) = 2*r**2 - r. Calculate i(f).
6
Let d(j) = 2 + 5 - 14 - 50*j + 52*j. Calculate d(7).
7
Let i(w) = w**2 + 11*w + 2. Let y be i(-10). Let c(f) = -2*f - 9. Determine c(y).
7
Let y(k) be the second derivative of -k**3/6 + k**2/2 + 4*k. Let v(u) = 2*u**3 - 2*u**2 - 4*u - 2. Let o be v(3). Let a = o + -19. Determine y(a).
-2
Let l(b) = b - 3. Let c be l(6). Let z(h) = -18*h**c - 2*h**2 - 6*h - 3*h**2 + 29*h**3 - 12*h**3. What is z(-4)?
8
Let y(k) = -k**3 + 10*k**2 + k - 4. Suppose 226 + 84 = 31*m. Give y(m).
6
Let a(d) = -d + 15. Let m(q) = -14. Let n(x) = -4*a(x) - 3*m(x). Let k be n(4). Let s(z) be the third derivative of z**4/24 + z**3/3 - z**2. Determine s(k).
0
Let w(p) be the second derivative of p**3/6 - p**2 + 4*p. Let v be (-50)/8*(1 + 3). Let c be ((-18)/(-15))/((-5)/v). Determine w(c).
4
Suppose 0 = -6*k + 20 - 14. Let t(q) be the first derivative of 5/3*q**3 + 1/4*q**4 - 2*q - k + q**2. What is t(-3)?
10
Let i(b) = -117 - 101 + 20*b + b**2 + 254. Let a be i(-18). Let z(l) = -l - 17. What is z(a)?
-17
Let d(p) be the second derivative of p**4/12 - p**3 - p**2/2 - 14*p. Let x be 11/3 + 18/(-27). Determine d(x).
-10
Let x(m) be the first derivative of -5*m**3/3 - 3*m**2 - 4*m - 208. Give x(-2).
-12
Let f(h) = -h**2 - 2*h - 3. Let a be f(-4). Let p(l) = l**2 + 9*l - 16. Let g be p(a). Let z(v) = v**2 - 7*v - 1. Determine z(g).
-7
Suppose 2868 = 9*x + 2769. Let z(v) = -3*v + 30. What is z(x)?
-3
Let d(o) be the third derivative of -o**6/120 - o**5/60 - o**4/24 - o**3/3 - 28*o**2. Let h(q) = q**3 + 11*q**2 + 22*q - 18. Let a be h(-8). Calculate d(a).
4
Let h(w) = w + 39. Let y be h(-38). Let d(s) = 7*s - 1. Determine d(y).
6
Let k(f) = -11*f + 3. Let u(b) = 7*b - 2. Let z(a) = 5*k(a) + 8*u(a). Let w be (-41 - -6)*(1 - (-24)/(-20)). Give z(w).
6
Let l(v) be the second derivative of 7/2*v**2 + 2/3*v**3 - 1/12*v**4 + 0 - 24*v. What is l(5)?
2
Suppose -4*j = -y - 4356, 2*y - 3*y + 4 = 0. Let f(p) = p**3 - 7*p**2 + 3. Let a be f(7). Let k(l) = -1090 + j - a*l. What is k(-3)?
9
Let v(c) = 7*c - 17. Let l be v(1). Let i(f) = -f**2 - 11*f - 3. Give i(l).
7
Let k(s) = 1 - s + 4 - 2 + 0. Let d = -2240 - -2232. Give k(d).
11
Let z(n) = 3*n + 2. Let h(v) = 2*v**3 - v**2 - 3*v - 2. Let t be (8/10)/(5 + (-69)/15). Let b be h(t). Give z(b).
14
Let a(j) be the first derivative of -j**4/4 + 5*j**3/3 - 3*j**2/2 - 3*j + 5. Let y be a(3). Suppose g + y = -0. Let w(p) = -p**2 - 5*p + 6. Determine w(g).
0
Let n(y) = -3*y - 4. Let k(v) = -3*v**3 + 4*v**2 - 4*v + 3. Let x be k(2). Let m be x/3 - 28/42. Determine n(m).
11
Let s = 0 + -4. Let q be (7 - 4)*(-4 - -1). Let y 